{"id":20,"date":"2017-06-23T21:55:13","date_gmt":"2017-06-24T00:55:13","guid":{"rendered":"https:\/\/carolgalindo.com.br\/site\/?page_id=20"},"modified":"2021-09-17T01:46:17","modified_gmt":"2021-09-17T04:46:17","slug":"contato","status":"publish","type":"page","link":"https:\/\/carolgalindo.com.br\/site\/contato\/","title":{"rendered":"Contato"},"content":{"rendered":"<h2 style=\"text-align: center;\">Que Maravilha! Se voc\u00ea chegou aqui, quer dizer que j\u00e1 temos muito em comum.<\/h2>\n<h3 style=\"text-align: center;\"><em>Envie sua mensagem. Eu responderei o mais breve poss\u00edvel.<\/em><\/h3>\n<hr>\n<div class=\"container\">\n<div class=\"row\">\n<div class=\"col-md-6\"><span style=\"color: revert; font-size: revert; font-weight: revert;\">Voc\u00ea tamb\u00e9m pode falar comigo por estes canais:<\/span><\/div>\n<div>&nbsp;<\/div>\n<div>&nbsp;<\/div>\n<div class=\"container\">\n<div class=\"row\">\n<div class=\"col-md-6\">\n<div>&nbsp;<\/div>\n<p><strong>Youtube &#8211; Chef Carol Galindo<\/strong><\/p>\n<div>&nbsp;<\/div>\n<p><strong><strong>Instagram<\/strong> &#8211; \/ChefCarolGalindo<\/strong><\/p>\n<div>&nbsp;<\/div>\n<\/div>\n<p><strong>email &#8211; <\/strong>falecom@carolgalindo.com.br<\/p>\n<div>&nbsp;<\/div>\n<hr>\n<p>Seja qual for o canal que voc\u00ea escolher, ser\u00e1 um prazer e uma honra responder o seu contato.<\/p>\n<\/div>\n<\/div>\n<\/div>\n<\/div>\n","protected":false},"excerpt":{"rendered":"<p>Que Maravilha! Se voc\u00ea chegou aqui, quer dizer que j\u00e1 temos muito em comum. Envie sua mensagem. Eu responderei o mais breve poss\u00edvel. Voc\u00ea tamb\u00e9m pode falar comigo por estes canais: &nbsp; &nbsp; &nbsp; Youtube &#8211; Chef Carol Galindo &nbsp; Instagram &#8211; \/ChefCarolGalindo &nbsp; email &#8211; falecom@carolgalindo.com.br &nbsp; Seja qual for o canal que voc\u00ea [&hellip;]<\/p>\n","protected":false},"author":3,"featured_media":0,"parent":0,"menu_order":0,"comment_status":"closed","ping_status":"closed","template":"","meta":{"footnotes":""},"class_list":["post-20","page","type-page","status-publish","hentry"],"_links":{"self":[{"href":"https:\/\/carolgalindo.com.br\/site\/wp-json\/wp\/v2\/pages\/20","targetHints":{"allow":["GET"]}}],"collection":[{"href":"https:\/\/carolgalindo.com.br\/site\/wp-json\/wp\/v2\/pages"}],"about":[{"href":"https:\/\/carolgalindo.com.br\/site\/wp-json\/wp\/v2\/types\/page"}],"author":[{"embeddable":true,"href":"https:\/\/carolgalindo.com.br\/site\/wp-json\/wp\/v2\/users\/3"}],"replies":[{"embeddable":true,"href":"https:\/\/carolgalindo.com.br\/site\/wp-json\/wp\/v2\/comments?post=20"}],"version-history":[{"count":12,"href":"https:\/\/carolgalindo.com.br\/site\/wp-json\/wp\/v2\/pages\/20\/revisions"}],"predecessor-version":[{"id":367,"href":"https:\/\/carolgalindo.com.br\/site\/wp-json\/wp\/v2\/pages\/20\/revisions\/367"}],"wp:attachment":[{"href":"https:\/\/carolgalindo.com.br\/site\/wp-json\/wp\/v2\/media?parent=20"}],"curies":[{"name":"wp","href":"https:\/\/api.w.org\/{rel}","templated":true}]}}