{"id":30,"date":"2017-06-23T22:02:03","date_gmt":"2017-06-24T01:02:03","guid":{"rendered":"https:\/\/carolgalindo.com.br\/site\/?page_id=30"},"modified":"2021-01-19T19:35:44","modified_gmt":"2021-01-19T22:35:44","slug":"aulas-de-culinaria","status":"publish","type":"page","link":"https:\/\/carolgalindo.com.br\/site\/aulas\/aulas-de-culinaria\/","title":{"rendered":"Aulas de culin\u00e1ria"},"content":{"rendered":"<blockquote><p>Dar aulas de culin\u00e1ria \u00e9 ter o privil\u00e9gio de unir duas paix\u00f5es: cozinhar e transmitir conhecimentos.<\/p><\/blockquote>\n<p>A Chef Carol Galindo \u00e9 professora\u00a0de culin\u00e1ria e confeitaria nas melhores escolas da regi\u00e3o.<\/p>\n<p>&nbsp;<\/p>\n<h4><strong>Atualmente ministramos aulas nas seguintes institui\u00e7\u00f5es:<\/strong><\/h4>\n<h5><\/h5>\n<p>&nbsp;<\/p>\n<h3><strong>* IGA Mau\u00e1 | Instituto Gastron\u00f4mico das Am\u00e9ricas.<\/strong><\/h3>\n<p>Av. da Saudade, 377 &#8211; Vila Nossa Sra. das Vitorias, Mau\u00e1 &#8211; SP<\/p>\n<p>(11) 4799-1753<\/p>\n<h3><strong>* Instituto Mix Cursos Profissionalizantes &#8211; Unidade Suzano<\/strong><\/h3>\n<p>R. Monsenhor Nuno, 374 &#8211; Centro, Suzano &#8211; SP<\/p>\n<p>(11) 4759-4678<\/p>\n<p>&nbsp;<\/p>\n<p>&nbsp;<\/p>\n<p>Voc\u00ea pode conferir nossa\u00a0Agenda para saber um pouco mais <a href=\"https:\/\/carolgalindo.com.br\/site\/calendar\/\">clicando aqui<\/a>.<\/p>\n<p>Voc\u00ea tamb\u00e9m pode contratar a Chef Carol para aulas particulares ou para um incr\u00edvel jantar aula corporativo ou social.<\/p>\n<div class=\"faixaimagens\">[metaslider id=120]<\/div>\n<div class=\"calltoaction\">\n<h3>N\u00e3o perca tempo, solicite um or\u00e7amento de aulas agora\u00a0mesmo!<\/h3>\n<p><a class=\"but but-ok but-large\" href=\"https:\/\/carolgalindo.com.br\/site\/orcamento\/\">Solicitar or\u00e7amento<\/a><\/p>\n<\/div>\n","protected":false},"excerpt":{"rendered":"<p>Dar aulas de culin\u00e1ria \u00e9 ter o privil\u00e9gio de unir duas paix\u00f5es: cozinhar e transmitir conhecimentos. A Chef Carol Galindo \u00e9 professora\u00a0de culin\u00e1ria e confeitaria nas melhores escolas da regi\u00e3o. &nbsp; Atualmente ministramos aulas nas seguintes institui\u00e7\u00f5es: &nbsp; * IGA Mau\u00e1 | Instituto Gastron\u00f4mico das Am\u00e9ricas. Av. da Saudade, 377 &#8211; Vila Nossa Sra. das [&hellip;]<\/p>\n","protected":false},"author":3,"featured_media":0,"parent":28,"menu_order":0,"comment_status":"closed","ping_status":"closed","template":"","meta":{"footnotes":""},"class_list":["post-30","page","type-page","status-publish","hentry"],"_links":{"self":[{"href":"https:\/\/carolgalindo.com.br\/site\/wp-json\/wp\/v2\/pages\/30","targetHints":{"allow":["GET"]}}],"collection":[{"href":"https:\/\/carolgalindo.com.br\/site\/wp-json\/wp\/v2\/pages"}],"about":[{"href":"https:\/\/carolgalindo.com.br\/site\/wp-json\/wp\/v2\/types\/page"}],"author":[{"embeddable":true,"href":"https:\/\/carolgalindo.com.br\/site\/wp-json\/wp\/v2\/users\/3"}],"replies":[{"embeddable":true,"href":"https:\/\/carolgalindo.com.br\/site\/wp-json\/wp\/v2\/comments?post=30"}],"version-history":[{"count":17,"href":"https:\/\/carolgalindo.com.br\/site\/wp-json\/wp\/v2\/pages\/30\/revisions"}],"predecessor-version":[{"id":360,"href":"https:\/\/carolgalindo.com.br\/site\/wp-json\/wp\/v2\/pages\/30\/revisions\/360"}],"up":[{"embeddable":true,"href":"https:\/\/carolgalindo.com.br\/site\/wp-json\/wp\/v2\/pages\/28"}],"wp:attachment":[{"href":"https:\/\/carolgalindo.com.br\/site\/wp-json\/wp\/v2\/media?parent=30"}],"curies":[{"name":"wp","href":"https:\/\/api.w.org\/{rel}","templated":true}]}}